{"id":675,"date":"2025-05-05T15:51:32","date_gmt":"2025-05-05T15:51:32","guid":{"rendered":"https:\/\/sensorialsrl.com\/?post_type=product&#038;p=675"},"modified":"2025-05-05T15:51:33","modified_gmt":"2025-05-05T15:51:33","slug":"glucosa-liquida","status":"publish","type":"product","link":"https:\/\/sensorialsrl.com\/index.php\/producto\/glucosa-liquida\/","title":{"rendered":"GLUCOSA LIQUIDA"},"content":{"rendered":"<p>Jarabe de glucosa l\u00edquida cuya funci\u00f3n b\u00e1sica es endulzar.<\/p>\n<p>Se utiliza en elaboraci\u00f3n de masa el\u00e1stica, fondant, relleno para bombones, dulces, evita la cristalizaci\u00f3n del helado.<\/p>\n<p>&nbsp;<\/p>\n<p>Presentaciones:<\/p>\n<ul>\n<li>Turril de 300 lt<\/li>\n<li>Bote de 1 kg<\/li>\n<li>Bote de 500 gr<\/li>\n<\/ul>\n","protected":false},"excerpt":{"rendered":"<p>Jarabe de glucosa l\u00edquida cuya funci\u00f3n b\u00e1sica es endulzar.<\/p>\n","protected":false},"featured_media":103,"comment_status":"open","ping_status":"closed","template":"","meta":[],"product_brand":[],"product_cat":[24],"product_tag":[82,80,83,81,36],"class_list":{"0":"post-675","1":"product","2":"type-product","3":"status-publish","4":"has-post-thumbnail","6":"product_cat-pasteleria","7":"product_tag-endulzante","8":"product_tag-glucosa","9":"product_tag-jarabe","10":"product_tag-liquida","11":"product_tag-pasteleria","13":"first","14":"instock","15":"product-type-external"},"_links":{"self":[{"href":"https:\/\/sensorialsrl.com\/index.php\/wp-json\/wp\/v2\/product\/675","targetHints":{"allow":["GET"]}}],"collection":[{"href":"https:\/\/sensorialsrl.com\/index.php\/wp-json\/wp\/v2\/product"}],"about":[{"href":"https:\/\/sensorialsrl.com\/index.php\/wp-json\/wp\/v2\/types\/product"}],"replies":[{"embeddable":true,"href":"https:\/\/sensorialsrl.com\/index.php\/wp-json\/wp\/v2\/comments?post=675"}],"wp:featuredmedia":[{"embeddable":true,"href":"https:\/\/sensorialsrl.com\/index.php\/wp-json\/wp\/v2\/media\/103"}],"wp:attachment":[{"href":"https:\/\/sensorialsrl.com\/index.php\/wp-json\/wp\/v2\/media?parent=675"}],"wp:term":[{"taxonomy":"product_brand","embeddable":true,"href":"https:\/\/sensorialsrl.com\/index.php\/wp-json\/wp\/v2\/product_brand?post=675"},{"taxonomy":"product_cat","embeddable":true,"href":"https:\/\/sensorialsrl.com\/index.php\/wp-json\/wp\/v2\/product_cat?post=675"},{"taxonomy":"product_tag","embeddable":true,"href":"https:\/\/sensorialsrl.com\/index.php\/wp-json\/wp\/v2\/product_tag?post=675"}],"curies":[{"name":"wp","href":"https:\/\/api.w.org\/{rel}","templated":true}]}}