{"id":700,"date":"2025-05-06T14:15:38","date_gmt":"2025-05-06T14:15:38","guid":{"rendered":"https:\/\/sensorialsrl.com\/?post_type=product&#038;p=700"},"modified":"2025-05-06T14:15:40","modified_gmt":"2025-05-06T14:15:40","slug":"monedas-de-chocolate","status":"publish","type":"product","link":"https:\/\/sensorialsrl.com\/index.php\/producto\/monedas-de-chocolate\/","title":{"rendered":"Monedas de Chocolate"},"content":{"rendered":"<p>Suced\u00e1neo con 20% de cacao.<\/p>\n<p>Monedas de chocolate ideales para decoraci\u00f3n, bomboner\u00eda, caf\u00e9s, helados etc.<\/p>\n<p>Elaborado a base de grasa vegetal.<\/p>\n<p>Sabores:<\/p>\n<ul>\n<li>Semi Amargo<\/li>\n<li>Blanco<\/li>\n<\/ul>\n<p>Presentaciones:<\/p>\n<ul>\n<li>Caja de 20 kg<\/li>\n<li>Bolsa de 1 kg<\/li>\n<li>Bolsa de 500 gr<\/li>\n<\/ul>\n","protected":false},"excerpt":{"rendered":"<p>Monedas de chocolate ideales para decoraci\u00f3n, bomboner\u00eda, caf\u00e9s, helados etc.<\/p>\n","protected":false},"featured_media":181,"comment_status":"open","ping_status":"closed","template":"","meta":[],"product_brand":[],"product_cat":[41,29,39,24],"product_tag":[134,135,136,131,56,68,105,133],"class_list":{"0":"post-700","1":"product","2":"type-product","3":"status-publish","4":"has-post-thumbnail","6":"product_cat-cafeteria","7":"product_cat-chocolateria","8":"product_cat-heladeria","9":"product_cat-pasteleria","10":"product_tag-amargo","11":"product_tag-blanco","12":"product_tag-bomboneria","13":"product_tag-cafeteria","14":"product_tag-chocolate","15":"product_tag-chocolateria","16":"product_tag-heladeria","17":"product_tag-monedas","19":"first","20":"instock","21":"product-type-external"},"_links":{"self":[{"href":"https:\/\/sensorialsrl.com\/index.php\/wp-json\/wp\/v2\/product\/700","targetHints":{"allow":["GET"]}}],"collection":[{"href":"https:\/\/sensorialsrl.com\/index.php\/wp-json\/wp\/v2\/product"}],"about":[{"href":"https:\/\/sensorialsrl.com\/index.php\/wp-json\/wp\/v2\/types\/product"}],"replies":[{"embeddable":true,"href":"https:\/\/sensorialsrl.com\/index.php\/wp-json\/wp\/v2\/comments?post=700"}],"wp:featuredmedia":[{"embeddable":true,"href":"https:\/\/sensorialsrl.com\/index.php\/wp-json\/wp\/v2\/media\/181"}],"wp:attachment":[{"href":"https:\/\/sensorialsrl.com\/index.php\/wp-json\/wp\/v2\/media?parent=700"}],"wp:term":[{"taxonomy":"product_brand","embeddable":true,"href":"https:\/\/sensorialsrl.com\/index.php\/wp-json\/wp\/v2\/product_brand?post=700"},{"taxonomy":"product_cat","embeddable":true,"href":"https:\/\/sensorialsrl.com\/index.php\/wp-json\/wp\/v2\/product_cat?post=700"},{"taxonomy":"product_tag","embeddable":true,"href":"https:\/\/sensorialsrl.com\/index.php\/wp-json\/wp\/v2\/product_tag?post=700"}],"curies":[{"name":"wp","href":"https:\/\/api.w.org\/{rel}","templated":true}]}}