{"id":705,"date":"2025-05-06T16:14:14","date_gmt":"2025-05-06T16:14:14","guid":{"rendered":"https:\/\/sensorialsrl.com\/?post_type=product&#038;p=705"},"modified":"2025-05-06T16:14:18","modified_gmt":"2025-05-06T16:14:18","slug":"colorantes-en-gel-2","status":"publish","type":"product","link":"https:\/\/sensorialsrl.com\/index.php\/producto\/colorantes-en-gel-2\/","title":{"rendered":"Colorantes en Gel"},"content":{"rendered":"<h1>Gel Iceberg Chef<\/h1>\n<p>Ideal para masas de tortas y bizcochos, masa fondant, crema chantill\u00ed.<\/p>\n<p>Colores:<\/p>\n<ul>\n<li>Azul Marino<\/li>\n<li>Azul<\/li>\n<li>Rojo Navidad<\/li>\n<li>Rojo Vino<\/li>\n<li>Morado<\/li>\n<li>Amarillo<\/li>\n<li>Rosado<\/li>\n<li>Salm\u00f3n<\/li>\n<li>Verde Bandera<\/li>\n<li>Verde Lechuga<\/li>\n<li>Verde Menta<\/li>\n<li>Negro<\/li>\n<li>Blanco<\/li>\n<li>Naranja<\/li>\n<\/ul>\n<p>Presentaci\u00f3n: \u00danica presentaci\u00f3n 25 gr.<\/p>\n","protected":false},"excerpt":{"rendered":"<p>Ideal para masas de tortas y bizcochos, masa fondant, crema chantill\u00ed.<\/p>\n","protected":false},"featured_media":190,"comment_status":"open","ping_status":"closed","template":"","meta":[],"product_brand":[],"product_cat":[42,24],"product_tag":[65,66,90,36,33],"class_list":{"0":"post-705","1":"product","2":"type-product","3":"status-publish","4":"has-post-thumbnail","6":"product_cat-colorantes","7":"product_cat-pasteleria","8":"product_tag-colorantes","9":"product_tag-gel","10":"product_tag-iceberg","11":"product_tag-pasteleria","12":"product_tag-reposteria","14":"first","15":"instock","16":"product-type-external"},"_links":{"self":[{"href":"https:\/\/sensorialsrl.com\/index.php\/wp-json\/wp\/v2\/product\/705","targetHints":{"allow":["GET"]}}],"collection":[{"href":"https:\/\/sensorialsrl.com\/index.php\/wp-json\/wp\/v2\/product"}],"about":[{"href":"https:\/\/sensorialsrl.com\/index.php\/wp-json\/wp\/v2\/types\/product"}],"replies":[{"embeddable":true,"href":"https:\/\/sensorialsrl.com\/index.php\/wp-json\/wp\/v2\/comments?post=705"}],"wp:featuredmedia":[{"embeddable":true,"href":"https:\/\/sensorialsrl.com\/index.php\/wp-json\/wp\/v2\/media\/190"}],"wp:attachment":[{"href":"https:\/\/sensorialsrl.com\/index.php\/wp-json\/wp\/v2\/media?parent=705"}],"wp:term":[{"taxonomy":"product_brand","embeddable":true,"href":"https:\/\/sensorialsrl.com\/index.php\/wp-json\/wp\/v2\/product_brand?post=705"},{"taxonomy":"product_cat","embeddable":true,"href":"https:\/\/sensorialsrl.com\/index.php\/wp-json\/wp\/v2\/product_cat?post=705"},{"taxonomy":"product_tag","embeddable":true,"href":"https:\/\/sensorialsrl.com\/index.php\/wp-json\/wp\/v2\/product_tag?post=705"}],"curies":[{"name":"wp","href":"https:\/\/api.w.org\/{rel}","templated":true}]}}

<h1>Gel Iceberg Chef</h1>
<p>Ideal para masas de tortas y bizcochos, masa fondant, crema chantillí.</p>
<p>Colores:</p>
<ul>
<li>Azul Marino</li>
<li>Azul</li>
<li>Rojo Navidad</li>
<li>Rojo Vino</li>
<li>Morado</li>
<li>Amarillo</li>
<li>Rosado</li>
<li>Salmón</li>
<li>Verde Bandera</li>
<li>Verde Lechuga</li>
<li>Verde Menta</li>
<li>Negro</li>
<li>Blanco</li>
<li>Naranja</li>
</ul>
<p>Presentación: Única presentación 25 gr.</p>

<p>Ideal para masas de tortas y bizcochos, masa fondant, crema chantillí.</p>
